-2 + 13)) + (-1 - -5)).
-9
Calculate 4 + (-5 - 1) - (-10 + -12).
20
What is the value of 0 + -16 + (221 - 197)?
8
-1 - -9 - (-39 + 2 + 34)
11
What is the value of -23 + (14 - (-26 - -12))?
5
What is -12 + 8 + -8 + 0 - 0?
-12
-8 + 1 - (-3 + -4 - (16 - 9))
7
Evaluate 0 + 25 - 9 - (4 + 5).
7
What is the value of -1 + 3 + 2 + -47 + 36 - -32?
25
Evaluate (-10 - (0 - 1)) + 40 + -40 - -4.
-5
Calculate 181 + -180 - (1 + 2 + 2 + -11).
7
Evaluate (1 + -1 - -17) + 143 + -148 - 5.
7
What is -2471 - -2480 - (-10 + 1)?
18
Calculate (-2 + -9 + 9 - 8) + 1.
-9
What is -7 + -2 + -6 - -4?
-11
Calculate (-2 - 3) + (-6 + 0 - -18).
7
-1 + (0 - -31) - 8
22
Calculate -73 - -19 - -13 - -9.
-32
What is 25 + -41 + 38 - -4?
26
Evaluate 8 + (-7 - -12) + -20 - -18.
11
What is the value of 16 + -21 + 7 + 5 + -6?
1
15 - (-7 - -6) - (6 + 1 + -6)
15
Calculate 34 - (1 + 11 + -17 + 19).
20
-2 - (15 + (-50 - -3) + (-2 - -4))
28
What is the value of 1 - -22 - (-397 - -441)?
-21
Calculate 33 + -26 + (-4 - (1 - 6)).
8
Calculate -9 - (-25 + -6) - 20.
2
Evaluate (-24 - -7) + (17 - -7).
7
Calculate 5 - (-20 - (-7 + -12)).
6
Evaluate (-7 - 1) + 93 + -84 - 2.
-1
What is -4 + (-2 - (0 + 4 - 27)) + -2?
15
(-3 - (1 - (13 - 1 - -6))) + -6
8
18 + (15 - (-15 + 42))
6
(1 - -12) + 4 + -10 + 12
19
What is the value of -1 + -5 - (-3 + 9 + (44 - 52))?
-4
What is the value of -15 - ((-15 - 1) + (336 - 347))?
12
16 - (123 - 116 - (0 + 1))
10
Evaluate (-2 + -2 - (-4 - 2)) + -10.
-8
Evaluate -2 + 23 + (-5 - (5 - (2 + 1))).
14
What is the value of -62 + 64 + -7 + 17?
12
-15 + 18 - (-4 - (9 + -18))
-2
Evaluate -18 + 27 + -14 + -7.
-12
50 - 24 - 4 - -5
27
Evaluate (2 - 26 - -3) + 26 + -19.
-14
Calculate -80 + 59 - (-14 + -2).
-5
What is -6 + (-8 + (22 - 22) - (-10 - -3))?
-7
Evaluate 19 - (6 + -7 - -11).
9
What is (2 - 4) + (-9 + -2 - -28)?
15
What is -26 + -1 - (-18 - -10)?
-19
Calculate 35 - 13 - 8 - (-5 - -2).
17
What is 0 + 14 + (-179 - -194)?
29
What is 109 - 128 - (-13 - -1)?
-7
What is the value of (18 - (-2 + 2)) + 17 + -28?
7
Calculate 1 + (6 + 3 - (8 + -1)).
3
What is the value of 6 + -2 + 1 + 5 + -11 + -8?
-9
What is -4 + (0 - -12 - 17)?
-9
Evaluate (19 + -28 - -5) + -7.
-11
-13 - (-1 + -3) - (9 - (16 + -2))
-4
What is -3 - (-10 - -12) - (6 - (0 - 1))?
-12
What is the value of -39 + -3 + (-6 - -3) + 8 + 1?
-36
(10 - 31 - -18 - 3) + 26
20
What is 6 + (5 - -7) + (6 - 17)?
7
What is the value of -6 - -3 - (-7 + 10)?
-6
What is (-3 - -12 - -1) + 0?
10
Evaluate 72 + -67 - (1 - (-1 + 3)) - -2.
8
Evaluate (22 - (14 - -3)) + 1.
6
What is the value of (-3 - (11 + 1 + 0 + -7)) + 3?
-5
What is the value of 9 + (26 + -28 - (4 - (2 + -3)))?
2
What is 11 + 13 + -20 - (-5 - -20)?
-11
What is the value of -23 + 26 - (27 + 0) - (63 + -74)?
-13
Calculate 6 + 1 - (-5 - (14 - 31)).
-5
Calculate -12 - (-9 - (2 + -3 + -7)).
-11
Calculate -23 + 11 + -8 + (11 - 4).
-13
Calculate 8 + 1 - (-107 - -110).
6
8 - (-11 + (-6 + 38 - 9))
-4
Evaluate 25 + -15 + -6 + 0 + -6 - 5.
-7
Calculate 2 + (-30 - -15) - -9.
-4
What is the value of -41 + 24 + -9 - -47?
21
What is 13 + 3 + (-9 + 2 - 30)?
-21
What is the value of 2 + (-7 - (-15 - 6))?
16
What is (2 - -1) + (-6 - (0 - 7)) + 3?
7
Evaluate 0 + 16 + -18 - 7.
-9
Evaluate -38 + (-11 - -1 - -28) - -14.
-6
What is 28 + (-34 - (-63 - -27))?
30
Evaluate (2 - -13) + (254 - 268).
1
Calculate 241 + -244 - (1 + (2 - 3) + -12).
9
(0 - -3) + 0 + 9 + -34 + 32
10
9 - (11 - -8 - -1) - 2
-13
What is the value of 102 + -115 + (-8 - (-3 - -5 - 0))?
-23
What is the value of 5 - (-1 + (-2 + 6 - -1) + 1)?
0
Evaluate 19 + 0 + -12 + 7.
14
Calculate 5 + 0 + (56 - 53) + (9 - 22).
-5
What is the value of (7 - (8 + 7)) + (18 - 49)?
-39
What is the value of 9 + (-4 + 3 + 4 + -3 - 7)?
2
Calculate -8 - (16 + -2 + -7 - 44).
29
Calculate 1 - 36 - (2503 + -2526).
-12
Calculate (142 - 138) + 2 + 4.
10
What is the value of -10 + -6 - (-9 + -16)?
9
-52 - -46 - (-2 + -2 + 3 + -10)
5
Evaluate -23 - -20 - ((-6 - -2) + 3 - 5).
3
What is the value of (4 - ((5 - 3) + 7)) + (11 - -23)?
29
What is the value of -3 + 10 + 0 + -4 - 6 - -2?
-1
(9 - 16) + 16 + -23 + 5
-9
What is the value of (-29 + 25 - (1 - 4)) + (-18 - -2)?
-17
Calculate 3 + (2 - 5) - (-15 + 5 + 44).
-34
What is the value of 4 + (-4 - -12) + 11 + -16 + -1?
6
Evaluate 0 - (13 - 8) - (3 - 1 - 2).
-5
Evaluate 2 - (9 + -1) - (14 - (5 + 10)).
-5
Evaluate 24 + -13 - (14 + -5 + 3).
-1
Evaluate -17 - (5 - 34) - 22.
-10
5 + 16 + -9 + 0 + 12
24
Calculate -22 - -15 - 20 - -22.
-5
What is (-2 - -2) + -3 + 4 - (11 - 9)?
-1
-4 + 14 + -26 + 1 + 11
-4
Calculate 4 - (1 - -9 - 17).
11
What is (-5 + 14 - (17 - 7)) + 6?
5
What is 1 + 5 + 69 + -74?
1
What is (2 - 7) + 8 + (-11 - 3) - -9?
-2
What is the value of 5 - (9 - (18 - 15))?
-1
What is 6 + -9 + 1 + 4 + 1 + -10?
-7
Evaluate -20 + (-16 - -5) + 8.
-23
What is -27 - (-17 + 29 + -13)?
-26
Evaluate (23 - 46 - -10) + 11.
-2
Calculate (2 - 9) + 2 + -47 + 56.
4
Evaluate -22 + 23 + (0 - -8 - 2) + -15.
-8
Calculate 47 + -5 + (-67 - -36).
11
Evaluate -19 - (-5 - (-7 - -12)).
-9
-23 + (-12 - -17) + 3
-15
What is 3 - (5 + -3) - (-1 + (2 - -22))?
-22
Evaluate 0 + 21 + (12 - (-13 + 8 + 18)).
20
45 - 15 - (2 - 5)
33
Evaluate 0 + -2 + (3 - (7 - 3)) - -18.
15
Evaluate -71 + 109 + -74 - (-7 + -1).
-28
What is -1096 + 1073 + (52 - 1)?
28
What is 31 + 3 + -42 - 17?
-25
Calculate -35 + 3 + 2 + 29.
-1
Calculate 0 - (2 + -8 + 5 + -18 + -1).
20
Calculate (-110 - -137) + (-1 - -4 - 9).
21
What is the value of 0 + (0 - 4 - -9 - -12) - -2?
19
(-12 - (-15 - -10) - -5) + -10
-12
Calculate -3 + (0 + 1 - (21 + -19) - 4).
-8
What is the value of -9 - (8 + -31 + (12 - 10))?
12
9 - ((6 + -1 - 11 - -7) + 4)
4
Evaluate (-10 - -13) + -1 + 0 - (10 + -6).
-2
2 + 0 + (6 - 4) + -129 + 104
-21
Evaluate -2 + -15 - (16 + -2 + -7).
-24
-8 + (9 - -3 - 1 - -4)
7
-2 + 9 - -1 - (-164 - -154)
18
(-3 - (8 - (13 + -8)) - 5) + -9
-20
What is the value of -16 + 29 + -18 - -6?
1
What is -7 + 2 - (-72 - -78) - -29?
18
(-53 + 35 - -34) + -35
-19
Calculate -24 + (-2 - -11) - 5.
-20
What is -14 + (19 - 2) - 9?
-6
What is (-32 - -38 - (11 + -2)) + 7?
4
77 + -74 + -2 + 0 + -8
-7
0 + 1 + 207 + -221
-13
6 - -2 - ((6 - 17) + 11 + -7)
15
Calculate -8 + -5 + 11 - (-4 + 21) - -5.
-14
What is the value of -3 + (2 - (12 + -4)) - 0?
-9
-10 + 13 + 1 + -9 - 0
-5
What is the value of (-31 + 23 - 12) + 22?
2
Calculate 3 - ((-69 - -76) + (-1 - (7 - 0))).
4
Evaluate (18 - 12) + (2 - -2 - -1).
11
What is the value of 7 - ((18 - 8) + -1 + -6 - -3)?
1
Evaluate (9 - ((10 - (-4 - -9)) + -6)) + 10.
20
Evaluate 9 - (-20 + -19 + 26).
22
3 + 8 + -11 + 1 - (1 - 1)
1
Evaluate 5 + -6 + 0 + -27 + 16.
-12
What is the value of (-5 - (8 - 20)) + (-3 - 3)?
1
What is the value of -3 + -2 + 37 + -26?
6
Evaluate (-3 - (-7 - -13)) + (49 - 48).
-8
Evaluate (39 - 2) + (85 - 106).
16
12 - 7 - (-10 + (18 - 4))
1
-71 + 36 + (4 - 3) + 5
-29
Evaluate (5 - 6) + 0 + -13 - (5 - 4).
-15
What is the value of -1 - -4 - (25 - (-10 - -10))?
-22
Evaluate -1 + 2 - -1 - (157 - 152).
-3
Evaluate -2 + (3 - (13 + -3)) - (162 + -150).
-21
Calculate -27 + 26 - (-37 - -16).
20
Calculate (8 - 0) + (-45 + 84 - 29).
18
-1 + -3 - (5 + (-15 - -18))
-12
What is the value of 0 + 5 - (-2 - ((-7 - 3) + 12))?
9
(7 - (-7 + 26)) + -2 + 1 + 7
-6
What is the value of -3 + 1 + (-8 - 10) - -14?
-6
Calculate 6 + (1 - -4) + (-52 - -39).
-2
-24 + 7 - (-5 + -4)
-8
What is the value of (-3 + 3 - -1) + 12 + (-18 - -14)?
9
What is the value of 1 + (-11 - (-30 - -16))?
4
Calculate (-75 + 61 - (-6 + -1) - -14) + -5.
2
What is (-11 - -7) + 7 + -13?
-10
Calculate 4 + (-2 - 0) + -2 + 21 + -20.
1
Evaluate (-10 - -1) + -9 - (-13 + -25).
20
What is the value of -1160 + 1150 + -21 + (-1 - 0 - 2)?
-34
-7 - (-4 + 0) - 23 - -13
-13
19 + -2 + (-11 - -6) + -2
10
Evaluate (0 - 11) + 21 + (0 - 7).
3
Calculate 7 + (-2 - -6) + -20 + 4.
-5
What is -5 + 1 + (-9 - -31) + (-13 - 6)?
-1
Evaluate (0 - -1) + (15 - 19 - -9 - -15).
21
Evaluate -21 + -3 + 8 + 10 + -8 - -6.
-8
What is the value of -6 + (32 - 20) + 4?
10
Calculate 2 - (-13 - (13 - 12 - 11)).
5
Calculate 0 + -35 + (286 - 287).
-36
(-4 - 2) + (-20 - -17)
-9
What is the value of 9 + (8 - 13) + 10?
14
Calculate (-1 + 3 - (53 + -38)) + 4 + 0.
-9
What is 14 + -19 + -3 + 8?
0
What is the value of 5 - (-15 - (10 - 23))?
7
What is 0